2
Calculate the highest common factor of 4 and 30248.
4
What is the highest common divisor of 78 and 9?
3
Calculate the greatest common divisor of 219 and 146.
73
What is the greatest common factor of 21510 and 90?
90
Calculate the highest common divisor of 10252 and 44.
44
Calculate the greatest common factor of 672 and 6.
6
What is the greatest common factor of 119 and 56?
7
What is the greatest common factor of 17172 and 81?
81
What is the greatest common factor of 546 and 858?
78
Calculate the greatest common divisor of 2123 and 407.
11
Calculate the greatest common divisor of 40 and 136.
8
What is the greatest common divisor of 112 and 64?
16
What is the greatest common divisor of 132 and 6228?
12
What is the highest common divisor of 49 and 7?
7
What is the highest common factor of 1420 and 460?
20
Calculate the highest common factor of 27 and 216.
27
Calculate the greatest common divisor of 806 and 248.
62
Calculate the greatest common factor of 456 and 24.
24
Calculate the greatest common factor of 495 and 110.
55
Calculate the highest common factor of 1040 and 65.
65
Calculate the greatest common factor of 108 and 6.
6
What is the highest common factor of 46 and 322?
46
What is the greatest common factor of 32 and 60?
4
Calculate the greatest common factor of 529 and 207.
23
Calculate the greatest common divisor of 209 and 551.
19
Calculate the greatest common divisor of 130 and 31460.
130
Calculate the greatest common divisor of 54 and 3672.
54
What is the greatest common factor of 261 and 2001?
87
What is the highest common divisor of 99 and 363?
33
Calculate the greatest common factor of 4 and 1124.
4
What is the highest common factor of 1843 and 57?
19
Calculate the greatest common factor of 296 and 5476.
148
Calculate the greatest common factor of 88 and 24.
8
Calculate the highest common factor of 68 and 221.
17
What is the highest common factor of 3154 and 332?
166
What is the greatest common divisor of 451 and 22?
11
What is the highest common factor of 24 and 18?
6
Calculate the highest common divisor of 132 and 88.
44
Calculate the greatest common factor of 54 and 90.
18
Calculate the greatest common factor of 39 and 117.
39
Calculate the greatest common divisor of 168 and 8.
8
What is the highest common factor of 132 and 20548?
44
What is the highest common factor of 10 and 2?
2
Calculate the greatest common divisor of 270 and 5010.
30
What is the highest common divisor of 272 and 85?
17
Calculate the greatest common divisor of 10 and 4010.
10
Calculate the greatest common divisor of 896 and 14.
14
What is the greatest common divisor of 1110 and 30?
30
Calculate the highest common divisor of 451 and 11.
11
What is the greatest common factor of 235 and 55?
5
What is the highest common factor of 371 and 159?
53
What is the greatest common factor of 1247 and 43?
43
Calculate the greatest common divisor of 141 and 1128.
141
What is the highest common divisor of 1524 and 36?
12
What is the highest common factor of 32087 and 11?
11
Calculate the greatest common divisor of 585 and 65.
65
Calculate the greatest common divisor of 261 and 1392.
87
What is the highest common divisor of 6 and 303?
3
Calculate the greatest common factor of 462 and 44.
22
Calculate the greatest common factor of 33 and 63.
3
What is the highest common divisor of 190 and 120?
10
Calculate the greatest common divisor of 180 and 1530.
90
Calculate the greatest common divisor of 10600 and 300.
100
What is the highest common factor of 1572 and 84?
12
What is the highest common factor of 2 and 2696?
2
Calculate the highest common divisor of 310 and 3968.
62
Calculate the greatest common factor of 27 and 1404.
27
Calculate the greatest common divisor of 3534 and 114.
114
Calculate the greatest common divisor of 114 and 42.
6
Calculate the highest common factor of 26 and 689.
13
Calculate the highest common divisor of 120 and 2940.
60
What is the highest common factor of 9 and 144?
9
What is the highest common factor of 88 and 6556?
44
Calculate the greatest common factor of 32 and 3104.
32
What is the greatest common divisor of 60 and 10140?
60
Calculate the greatest common divisor of 7 and 9.
1
Calculate the greatest common divisor of 252 and 16.
4
What is the highest common factor of 845 and 45?
5
What is the greatest common divisor of 1 and 210?
1
Calculate the greatest common divisor of 45 and 1395.
45
What is the greatest common factor of 12 and 24?
12
Calculate the highest common divisor of 96 and 4116.
12
What is the greatest common divisor of 169 and 13?
13
What is the highest common factor of 8 and 160?
8
Calculate the greatest common factor of 17075 and 25.
25
Calculate the greatest common factor of 560 and 518.
14
Calculate the greatest common factor of 33 and 517.
11
Calculate the highest common factor of 61 and 2684.
61
What is the greatest common factor of 2880 and 225?
45
What is the highest common divisor of 105 and 504?
21
Calculate the greatest common divisor of 576 and 117.
9
Calculate the highest common factor of 11 and 2981.
11
What is the highest common divisor of 2337 and 1107?
123
Calculate the highest common factor of 5589 and 552.
69
Calculate the highest common divisor of 195 and 405.
15
What is the greatest common divisor of 78 and 6?
6
What is the highest common divisor of 606 and 4?
2
Calculate the greatest common divisor of 505 and 1111.
101
Calculate the greatest common factor of 198 and 330.
66
What is the greatest common divisor of 169 and 1027?
13
What is the greatest common factor of 24 and 51672?
24
Calculate the greatest common factor of 27 and 33.
3
Calculate the greatest common divisor of 219 and 15.
3
What is the greatest common factor of 8 and 8212?
4
What is the greatest common factor of 21 and 21?
21
Calculate the highest common factor of 572 and 22.
22
Calculate the greatest common divisor of 9599 and 116.
29
What is the highest common factor of 85 and 15?
5
What is the greatest common divisor of 260 and 10?
10
What is the greatest common divisor of 60 and 5910?
30
Calculate the greatest common factor of 740 and 60.
20
Calculate the greatest common factor of 88 and 29964.
44
What is the greatest common divisor of 7 and 224?
7
What is the highest common divisor of 576 and 9?
9
What is the highest common factor of 300 and 36?
12
Calculate the highest common factor of 738 and 41.
41
What is the highest common divisor of 2 and 11?
1
Calculate the greatest common divisor of 198 and 36.
18
Calculate the greatest common divisor of 14248 and 104.
104
What is the highest common divisor of 182 and 819?
91
Calculate the highest common divisor of 34115 and 5.
5
Calculate the greatest common divisor of 272 and 42.
2
Calculate the greatest common divisor of 286 and 26.
26
What is the greatest common divisor of 246 and 656?
82
What is the highest common divisor of 28 and 140?
28
Calculate the greatest common divisor of 30 and 810.
30
Calculate the highest common divisor of 59 and 295.
59
What is the greatest common factor of 28215 and 110?
55
Calculate the highest common divisor of 2628 and 63.
9
What is the greatest common divisor of 81 and 72?
9
What is the highest common divisor of 14 and 4438?
14
Calculate the highest common divisor of 261 and 63.
9
Calculate the greatest common divisor of 627 and 33.
33
Calculate the highest common divisor of 2964 and 104.
52
Calculate the greatest common divisor of 917 and 3144.
131
What is the greatest common factor of 144 and 336?
48
What is the greatest common divisor of 19028 and 852?
284
Calculate the greatest common divisor of 533 and 82.
41
What is the greatest common divisor of 189 and 729?
27
Calculate the greatest common divisor of 70 and 2110.
10
What is the highest common divisor of 973 and 3753?
139
What is the greatest common factor of 14 and 56?
14
Calculate the highest common factor of 321 and 428.
107
What is the highest common divisor of 325 and 675?
25
Calculate the greatest common factor of 988 and 624.
52
Calculate the greatest common divisor of 948 and 42.
6
Calculate the highest common divisor of 203 and 28.
7
What is the highest common factor of 49 and 29302?
49
What is the highest common factor of 1026 and 570?
114
Calculate the greatest common divisor of 236 and 